{"id":126,"date":"2025-05-20T15:21:22","date_gmt":"2025-05-20T13:21:22","guid":{"rendered":"https:\/\/guest-riviera.fr\/?page_id=126"},"modified":"2026-03-18T14:18:35","modified_gmt":"2026-03-18T13:18:35","slug":"conseils-accompagnement","status":"publish","type":"page","link":"https:\/\/guest-riviera.fr\/?page_id=126","title":{"rendered":"Pack Accompagnement"},"content":{"rendered":"<table style=\"height: 393px;\" width=\"740\" cellspacing=\"0\" cellpadding=\"0\">\n<tbody>\n<tr>\n<td valign=\"top\">\n<h4 style=\"text-align: center;\"><span style=\"color: #000000; font-family: Apple Chancery; font-size: medium;\">Conseils et am\u00e9nagement de l\u2019appartement afin de r\u00e9pondre aux crit\u00e8res<\/span><\/h4>\n<h4 style=\"text-align: center;\"><span style=\"color: #000000; font-family: Apple Chancery; font-size: medium;\">de la location de courte dur\u00e9e et saisonni\u00e8re. <\/span><\/h4>\n<\/td>\n<\/tr>\n<tr>\n<td valign=\"top\">\n<h4 style=\"text-align: center;\"><span style=\"color: #000000; font-family: Apple Chancery; font-size: medium;\">Check list des \u00e9quipements n\u00e9cessaires<\/span><\/h4>\n<\/td>\n<\/tr>\n<tr>\n<td valign=\"top\">\n<h4 style=\"text-align: center;\"><span style=\"color: #000000; font-family: Apple Chancery; font-size: medium;\">Reportage photo<\/span><\/h4>\n<\/td>\n<\/tr>\n<tr>\n<td valign=\"top\">\n<h4 style=\"text-align: center;\"><span style=\"color: #000000; font-family: Apple Chancery; font-size: medium;\">Cr\u00e9ation de votre annonce sur les diff\u00e9rentes plateformes (Booking, AirBNB, \u2026)<\/span><\/h4>\n<h3 style=\"text-align: center;\"><strong>Prix TTC : 375\u20ac<\/strong><\/h3>\n<\/td>\n<\/tr>\n<\/tbody>\n<\/table>\n<p style=\"text-align: left;\">\n","protected":false},"excerpt":{"rendered":"<p>Conseils et am\u00e9nagement de l\u2019appartement afin de r\u00e9pondre aux crit\u00e8res de la location de courte dur\u00e9e et saisonni\u00e8re. Check list des \u00e9quipements n\u00e9cessaires Reportage photo Cr\u00e9ation de votre annonce sur les diff\u00e9rentes plateformes (Booking, AirBNB, \u2026) Prix TTC : 375\u20ac<\/p>\n","protected":false},"author":1,"featured_media":301,"parent":0,"menu_order":1,"comment_status":"closed","ping_status":"closed","template":"","meta":{"footnotes":""},"class_list":["post-126","page","type-page","status-publish","has-post-thumbnail","hentry"],"_links":{"self":[{"href":"https:\/\/guest-riviera.fr\/index.php?rest_route=\/wp\/v2\/pages\/126","targetHints":{"allow":["GET"]}}],"collection":[{"href":"https:\/\/guest-riviera.fr\/index.php?rest_route=\/wp\/v2\/pages"}],"about":[{"href":"https:\/\/guest-riviera.fr\/index.php?rest_route=\/wp\/v2\/types\/page"}],"author":[{"embeddable":true,"href":"https:\/\/guest-riviera.fr\/index.php?rest_route=\/wp\/v2\/users\/1"}],"replies":[{"embeddable":true,"href":"https:\/\/guest-riviera.fr\/index.php?rest_route=%2Fwp%2Fv2%2Fcomments&post=126"}],"version-history":[{"count":11,"href":"https:\/\/guest-riviera.fr\/index.php?rest_route=\/wp\/v2\/pages\/126\/revisions"}],"predecessor-version":[{"id":382,"href":"https:\/\/guest-riviera.fr\/index.php?rest_route=\/wp\/v2\/pages\/126\/revisions\/382"}],"wp:featuredmedia":[{"embeddable":true,"href":"https:\/\/guest-riviera.fr\/index.php?rest_route=\/wp\/v2\/media\/301"}],"wp:attachment":[{"href":"https:\/\/guest-riviera.fr\/index.php?rest_route=%2Fwp%2Fv2%2Fmedia&parent=126"}],"curies":[{"name":"wp","href":"https:\/\/api.w.org\/{rel}","templated":true}]}}